3 + 2*o**2 + 39*o + 19. Let m(r) = r**3 + 12*r**2 + 33*r - 1. Let b be m(-8). Is u(b) prime?
False
Suppose -8*t + 7*t + 4 = 0. Suppose 8 = t*l - 12. Suppose -l*d - 112 = -482. Is d a prime number?
False
Let w(i) = 5*i + 6. Let s be w(3). Suppose 0*a - s = a - 4*v, -3*a - 35 = -5*v. Let p(x) = -48*x + 19. Is p(a) prime?
False
Is ((-11)/22)/((-11)/1532410) a prime number?
False
Suppose -214 = -4*z + 3338. Suppose -v + z = v. Suppose 5*k - v = k. Is k a prime number?
False
Let i(x) = 14*x**3 - 3*x**2 + 2*x + 7. Let z be 2/4*4*(-8)/(-4). Let p be i(z). Suppose 5*d - 3062 = p. Is d composite?
True
Let b(o) = 1446*o**2 + 13*o. Let v be b(-2). Let r = v - 3017. Is r composite?
False
Let b = -49903 + 86102. Is b a composite number?
True
Let i be ((-247)/(-38))/(2/8). Let t = 193 + 152. Let h = t + i. Is h a composite number?
True
Let k(f) = -17*f + 162 + 7*f - 185. Let n be k(-5). Let a(i) = 2*i**2 - 8*i - 61. Is a(n) prime?
True
Let p be -1 + 2 + 3 + 30/6. Suppose -3*f + 2921 = 5*t - p*t, 3*t = 5*f - 4883. Is f composite?
True
Let z be (2 + 2)*1 - (2 - 374). Suppose -4*q - z = 2*l + 226, 0 = 4*q + 12. Let x = -104 - l. Is x a prime number?
True
Suppose 14*x - 171090 - 676036 = 0. Is x prime?
True
Let w(f) = 2*f**3 - 40*f**2 - 13*f - 76. Is w(37) a prime number?
True
Suppose 69*s - 324*s + 65239710 = 0. Is s prime?
False
Suppose 2*z - 4*z - 8 = 0. Let w(a) = 66*a + 7 + 4*a**2 - 62*a + 14 + 5*a**2 - 22. Is w(z) composite?
False
Suppose -2*x + 18 = -5*x. Let u be (8/x)/(-4)*0 + 3. Suppose -5*y + 191 = 4*g, -3*y - u = -0*y. Is g composite?
True
Let l = -157 + 162. Is 14*20/70 - l*-167 a composite number?
False
Suppose 0 = -3*b + 49241 + 21562. Is b composite?
True
Suppose 5*n - 200633 = 7*n - 3*b, -4*b + 501572 = -5*n. Is n/(-72) + 4 - (-2)/(-9) prime?
False
Let l be 4*(5210/8)/5. Let y = -560 - l. Let s = -194 - y. Is s composite?
False
Suppose -112*n = 299479 - 1709223. Is n prime?
False
Suppose -m + 16 = -61. Suppose 5*i - 187 = -m. Is i prime?
False
Suppose 8 = 2*z, -93827 - 7448 = -p - 2*z. Is p a prime number?
True
Suppose -6*d + 4884 = -5*d. Let i = d + -3317. Is i prime?
True
Let q = -2374 + 760. Let n be (q/(-5))/((-4)/(-50)). Suppose -7*i - 8*i = -n. Is i a prime number?
True
Let b(c) = 14*c + 7 - 1 - 9*c**2 + 5*c**2 + 5*c**2. Let w be b(-13). Is (2 - 1)/(4*w/(-6244)) a composite number?
False
Is (-219)/(-9)*7757 - 224/336 a composite number?
False
Let s(z) = -16*z**3 + 2*z**2 + z - 1. Let h be s(-1). Suppose q = 14*x - h*x + 8304, 4*x = q + 16614. Is x a composite number?
False
Let f be (-117)/(-27) - (-2)/3. Suppose 0 = -4*m - f*u + 24798, 2*m - 6224 = -3*u + 6176. Is m a prime number?
True
Suppose -h = s - 368614, -3*h - 1137694 = -9*s + 2179772. Is s a composite number?
False
Let l = -102443 - -29809. Let p = -47333 - l. Is p a prime number?
True
Suppose -444227 = -12*j - 149039. Is j a composite number?
True
Suppose -424*t - 236625829 = -633*t. Is t composite?
True
Suppose 2*w - 2*x = x + 111, 5*x + 15 = 0. Let i be ((-30)/5 - -21)/((-1)/w). Let b = i - -1338. Is b prime?
False
Suppose -2*d - 76 = b, -4*b - 28 = 2*d + 36. Let h(x) = -2*x**3 + 17*x**2 + 15*x + 21. Let w be h(10). Let i = d - w. Is i a prime number?
True
Let u = 252684 + 103835. Is u a composite number?
True
Let d(u) = 7*u**2 + 0*u**3 + 1 + 0*u**3 - 7*u + 5*u**2 + u**3. Let r = -56 - -47. Is d(r) prime?
True
Is (-19105602)/(-28) + (-27)/(-378) composite?
True
Suppose 6*j + 260 = j. Is (-2129595)/(-169) + 8/j composite?
False
Suppose -2*w + 412478 = -4*t, 404*w = 400*w + 4*t + 824976. Is w a composite number?
False
Let s = 704 - -298. Let r = s - -224. Is r a composite number?
True
Suppose -3*z = -9, 3*a = -5*z - 279 - 555. Let v = a - -758. Is v - (-8)/((-2)/(-1)) a composite number?
False
Let g = 1401 + -148. Suppose 2*p - g = -5*p. Is p prime?
True
Suppose 6*o - 17415 = o. Suppose 4*g = 3 + 17. Suppose -g*l + 17463 = h, -l - 4*h = h - o. Is l a prime number?
False
Let z = -758 + 1650. Let m = z + -625. Is m a prime number?
False
Suppose -146356 = -2*h - 3*q, 20*h + 4*q - 806978 = 656738. Is h prime?
False
Let j = 530 + 1195. Let r = j - 442. Is r a composite number?
False
Let d be 2 - (15/6 + 2/4). Is ((-16)/24)/(-2*d/(-5793)) a composite number?
False
Let a = -730 - -702. Is (112023/21 - -1)/((-8)/a) prime?
False
Suppose 5*c - 140 - 4635 = 0. Suppose 2*v + 3*v = c. Is v prime?
True
Let k = -39 + 42. Suppose k*z - 1605 = -0*z. Is -2 + -1 + 3 + z prime?
False
Suppose 1395 = 3*t - 0*t + 3*k, 0 = 4*t - 2*k - 1878. Suppose 0*d = -5*v + d + t, -3*v + 288 = -3*d. Let c = v - 24. Is c composite?
True
Suppose -7*i + 2*i = -4*f - 10, 8 = 4*i - 4*f. Let g be i + -3 + 4/(8/2746). Let d = -719 + g. Is d composite?
False
Suppose 577*u - 3*b = 573*u + 135220, 0 = 5*u + 4*b - 169025. Is u a composite number?
True
Suppose 0 = -2*d + 6, -4*n - d + 2028 = -n. Suppose u - 17342 = -n. Is u composite?
True
Let n(d) = -18*d**3 + 3. Let q be n(-3). Suppose t - q = 1294. Is t a composite number?
False
Suppose 6 = 4*n - 5*h + 2*h, -25 = -5*n - 5*h. Let u(i) = 530*i**2 - 5*i - 8. Is u(n) prime?
False
Let y(l) = l**3 + l**2 - l + 466. Let c be y(0). Suppose 3*o - c = -h, 5*o = -5*h - 225 + 985. Is o a prime number?
True
Let j = 31614 + -23105. Is j prime?
False
Let y be (-11)/(-33) + (-358)/(-6). Suppose -7680 = y*s - 65*s. Suppose -c + s = 5*x, -c = -x - 609 - 957. Is c a composite number?
True
Let j be (-135)/4*(0 - -4). Is (-55954)/(-9) - 0 - (-15)/j composite?
False
Suppose 0 = -81*c + 76*c - 35. Is (-5 + c + 10)/(4/(-502)) a composite number?
False
Suppose f = 25898 + 95228 - 3161. Is f composite?
True
Let r(k) = -10*k**3 - 26*k**2 - 9*k + 103. Is r(-32) a composite number?
False
Let w = 211 + -216. Is 1184 - (w + (6 - 6)) composite?
True
Let h(f) = 726*f + 11. Let o be h(1). Let y = o + 904. Is y prime?
False
Suppose -66414 = -14*p + 65382. Is 1/(-2)*p/(-9) composite?
False
Let r(t) = 38062*t**2 + 5*t - 240. Is r(7) a prime number?
False
Is 160/240 - (-1 - 3989696/6) a prime number?
False
Suppose -3239 = 7*h - 11*h + k, -4*h + 2*k = -3242. Let i = 1164 + h. Is i a prime number?
True
Suppose -5*z = -2*j + 48, -5*z - 55 = -3*j - 8. Let s(h) be the first derivative of h**3/3 + 2*h**2 - h - 27. Is s(z) a prime number?
True
Suppose -2*o - 3*i = -7*i - 621190, -5*i = 3*o - 931686. Is o prime?
True
Let d(c) = 14713*c + 1434. Is d(5) a composite number?
True
Let q(p) = -9*p - 20. Let v be q(-7). Let d = v - 49. Is 2*d/(24/(-1918)) a prime number?
False
Suppose -6*b - 92 = 244. Let q = 61 + b. Suppose h - 2703 = -d, 3*h + 13468 = q*d - 79. Is d prime?
True
Let w(d) = 2084*d**2 - 3. Let j(f) be the second derivative of -521*f**4/6 + f**2/2 + f. Let p(c) = -5*j(c) - 2*w(c). Is p(-1) composite?
True
Let i = 84 + -75. Suppose -i*v + 5*v + 41085 = 5*h, h = 4*v - 41055. Is v/15 + 4/6 prime?
False
Let m = -4287 - -6641. Suppose -12295 = -f - m. Is f a composite number?
False
Let o(t) = 2*t**2 + 134 + 8*t**2 - 10*t - 35. Is o(-13) composite?
True
Let h = -101 + 113. Suppose -138512 = -h*x - 20696. Suppose -33*m + 31*m + x = 0. Is m a composite number?
False
Suppose 2*f + 3*y = -y + 36, -f + 33 = 5*y. Suppose -3*o - f = -5*p, -7*o + 2*o = 4*p - 36. Suppose 5*u - 294 = r - 1347, 4*r - o*u - 4180 = 0. Is r prime?
False
Let h(r) be the first derivative of 31*r**4/4 + 10*r**3/3 - 2*r**2 + 9*r - 122. Is h(8) a prime number?
False
Let l(r) = -r**2 + 6*r - 7. Let v be l(2). Suppose 7*y - v = 2*j + 8*y, j + 4 = -4*y. Suppose 4293 = b + 4*u + u, -3*b - 3*u + 12855 = j. Is b prime?
True
Suppose 5*o - 2 = 4*o. Let z be 1*(-15)/10*o/1. Is (31 - (z + 2))*14 + -1 a prime number?
False
Suppose 0 = -2324*t + 2347*t - 103884905. Is t a composite number?
True
Let z(h) = -1. Let s be 26/(-10) + (-6)/15. Let j(y) = -224*y - 14. Let k(i) = s*z(i) - j(i). Is k(12) prime?
False
Suppose f = -4*b - 0*f - 11, 2*f + 16 = -5*b. Is (((-110)/4)/(-5))/(b/(-188)) prime?
False
Suppose -14*i + 22398 = -1528. Let b = i - -50. Is b prime?
True
Let c = -54188 + 110401. Is c prime?
False
Suppose 0 = -177*g + 178*g - 7366. Is g*(-1)/8*4/(-1) composite?
True
Let y(q) = -q**3 + 37*q**2 + 24*q + 41. Let p(s) = -s**3 + 11*s**2 + 29*s - 2. Let a be p(13). Is y(a) prime?
True
Suppose 3859 + 74518 = 13*n. Suppose 35724 = 5*f + n. Is f composite?
False